s digit of n?
5
Let f = 6185 - 217. What is the tens digit of f?
6
Let h(f) = 178*f**2 + 105*f - 491. What is the hundreds digit of h(5)?
4
Let m(i) = 7*i**3 + 32*i**2 - 246*i - 41. What is the ten thousands digit of m(12)?
1
Let i = 40 + -52. Let a(u) = 31 - 32 + 36*u - 15 + 4*u**2. What is the tens digit of a(i)?
2
Suppose -27*g = -52290 - 23337. Suppose 3*u - 5*s - g + 492 = 0, 4*u + 5*s - 3137 = 0. What is the units digit of u?
8
Let l be (-14)/(-35) + (-288)/(-30). What is the tens digit of 5022/l - 11/55?
0
Let i(u) = -22*u**3 + 63*u**3 - 21*u**3 + 7*u - 10 - 22*u**3 - 3*u**2. Let b be i(-6). Suppose 0*a + b = 3*k - a, k = -2*a + 79. What is the tens digit of k?
8
Let f be -6*1 + (4 - 5). What is the hundreds digit of 556 + ((-12)/(-20))/(f/(-35))?
5
Suppose -5*a = 5*y - 120640, -3*a - 11*y = -29287 - 43057. What is the tens digit of a?
3
Let i(d) = d**2 + 3*d + 9. Let q be 4/(-8)*8*-1. Suppose q = -15*a + 14*a. What is the tens digit of i(a)?
1
Suppose 13 = 3*q + w, 5*w + 0*w = -3*q + 5. Suppose 4*k = -4*i + i - 22, 0 = 4*k - q*i + 6. What is the tens digit of 24 - (k + 3)/1?
2
Let w(a) = -163*a + 35. Let o be w(-6). Suppose 3*k - o = -3*u - k, 4*u - 3*k = 1384. What is the tens digit of u?
4
Let x be (-12)/(-10)*35/21. What is the units digit of (4 + 4)*4/x?
6
Let i = 108 - 105. Suppose i*j + 4629 = 4*k, 6*j + 2325 = 2*k + j. What is the units digit of k?
5
Let a = -486 + 500. Suppose -7*m = a*m - 17430. What is the hundreds digit of m?
8
Let c be 3/2*(280/30)/7. Suppose 3*t - 793 = -4*x, -c*x + 157 + 108 = t. What is the tens digit of t?
6
What is the thousands digit of 30068/14 - (-109)/2289*(1 + 5)?
2
Let n(d) = d**2 + 26*d - 23. Let p(q) = -q + 7. Let l be p(-10). What is the units digit of n(l)?
8
Suppose 0 = 85*g + 103*g - 2507726 - 1872110. What is the ten thousands digit of g?
2
Suppose o + 4 = -2*g - 7, -3*g - 20 = 5*o. Let u be 49 + 21 - (1*o + -1). Suppose -u = 3*l - 5*x - 450, l = -x + 134. What is the units digit of l?
1
Suppose -5*r + 8255 = 4*t, -1 = -2*r + 5. Suppose 5*a = a + t. Suppose -5*m + a = -85. What is the tens digit of m?
2
Suppose -88*q + 85*q = 1170. What is the units digit of (-13)/(q/40)*(1 - -617)?
4
Let l(u) = 6*u - 27. Let c be l(5). Suppose 16 - 25 = -c*z. Suppose 4*b - z*b - 78 = 0. What is the units digit of b?
8
Suppose -5*q - 16741 = -2*w, -78*q + 8353 = w - 77*q. What is the tens digit of w?
5
Suppose -12*l = -17*l + 50. Suppose 11*j - l*j = 5*j. What is the tens digit of (-146)/(-4)*(3 + j + 1)?
4
Let d be 1/(0 + 2/4). Let a = -19 - -239. Suppose 2*s - a = -d*s. What is the units digit of s?
5
Let y be (-17814)/27 - ((-16)/9 - -2). Let w = y + 1034. What is the hundreds digit of w?
3
Let g(u) = -8*u**3 + 128*u**2 + 13. Let y be g(16). Let i(o) = 2*o**2 - 3*o + 2. Let h be i(4). Let a = y + h. What is the units digit of a?
5
Let m(d) = -d + 23. Let g(f) = 1. Let l(i) = -6*g(i) + m(i). Let k be l(12). Suppose 5*r = -y + 5*y - 377, -k*r - 113 = -y. What is the tens digit of y?
8
Let k(j) = 33*j + 233. Let o be k(-7). Suppose -473 - 1059 = -o*m. What is the units digit of m?
6
What is the tens digit of 15/25 + 3*190122/90?
3
Let y be ((-14)/(-14))/((-2)/(-6)). Suppose y*k = -2*k + 635. Let f = 218 - k. What is the units digit of f?
1
Let q(c) = 1104*c + 1926. Let l(i) = 69*i + 120. Let y(w) = -33*l(w) + 2*q(w). What is the units digit of y(-15)?
7
Let a = 44931 - 27945. What is the thousands digit of a?
6
Suppose -6*k + 4*k - 11 = -3*j, 0 = -k - j + 7. Let g be (-3)/(-1) - k*(-15)/2. What is the units digit of 225/g*28/5?
0
Let a(b) = 47*b**2 - 92*b + 961. What is the hundreds digit of a(15)?
1
Suppose -5*g - 5*g = -80. Let o(t) = 12*t**2 + 4*t - 40. What is the tens digit of o(g)?
6
Let s be (5/10)/(5/(-830)). Let c = -128 - s. What is the tens digit of (-698)/(-10) + (-9)/c?
7
Let m be (-5)/5*2 + 5. What is the hundreds digit of 1 + 418 + 8/4 - m?
4
Let m be 4 + -1 - (3 - -243)/(-3). Let l = 60 + m. Suppose 5*y + 0*y - l = 0. What is the units digit of y?
9
Suppose -4*l + 0*m - 3*m + 2674 = 0, 2*l - 1338 = -2*m. Suppose -11*h + l + 37 = 0. Let p = -59 + h. What is the units digit of p?
5
Suppose 752*q - 761*q = 9. Let k(d) be the third derivative of -27*d**6/40 + d**5/60 - d**3/6 + d**2. What is the units digit of k(q)?
1
Let y(o) = 18*o**2 + 4*o - 3. Let f be y(7). Suppose f + 983 = 5*p. What is the units digit of p?
8
Let v = -1380 + 925. Let m = -259 - v. What is the units digit of m?
6
What is the tens digit of (375/50 - 6)/(-1 + (-2405)/(-2404))?
0
Suppose -f = 4*v - 332, f = -27*v + 30*v - 242. Let d be (44/6)/((-4)/30). Let l = v + d. What is the units digit of l?
7
Suppose 0 = -3*r + 2*u + 154, 3*u - 60 = -4*r + 117. Let o = r - -1757. What is the tens digit of o?
0
Suppose -1032 = -54*f + 46*f. Suppose -15 = -3*v, -z - 2*v = -f - 223. What is the units digit of z?
2
Let u(q) = -103*q**2 + 4*q - 4. Let r be u(2). Let d = r + 852. What is the units digit of d?
4
Suppose 0 = -a + 3*g + 28815, -4*g + 2539 = -4*a + 117767. What is the tens digit of a?
0
Let s(h) = 5*h**2 + 694*h + 2767. What is the units digit of s(-4)?
1
What is the tens digit of (-1*(-9)/3 - (-7 + 3)) + 15606?
1
Let u be 2/(4/7)*(-102)/(-119). Suppose -4*n + o = -865, u*o + 76 = -3*n + 706. What is the tens digit of n?
1
Suppose 0 = -5*r + 16*b - 20*b + 92136, -5*r + 2*b + 92112 = 0. What is the units digit of r?
4
What is the units digit of 2*(4 - ((-2)/2)/((-2)/(-5827)))?
5
Let y(l) = l**2 + 8*l + 1. Let n be y(-6). Suppose -3*j - 201 = 3*a - 0, 0 = 4*j - 4*a + 236. Let p = n - j. What is the tens digit of p?
5
Let l = -170 - -262. Let b = 95 - l. Suppose -228 = -b*w - 3*c, 3*w + 2*c - 225 = -2*c. What is the tens digit of w?
7
Let o(v) = v**2 - 3*v - 2. Let c = -79 + 78. Let k be o(c). Suppose -i - 323 = -5*n + 28, k*n = 5*i + 122. What is the tens digit of n?
7
Suppose -81*s + 40036 = -76*s + 4*v, -40016 = -5*s + v. What is the hundreds digit of s?
0
Let l be (-44)/550 - 81081/(-75). Let r = l - 148. What is the units digit of r?
3
Suppose 0 = 7*i + 4*i - 0*i - 45672. What is the thousands digit of i?
4
What is the units digit of 4/(-7)*2373084/(-216)?
8
Let v(x) = x**3 + 12*x**2 + 15*x - 8. Let w be v(-10). Suppose 21*m - 15*m = w. Suppose -176 = -m*s + 258. What is the units digit of s?
2
Suppose 20630 = 4*s + n, -114*s = -116*s + 4*n + 10342. What is the units digit of s?
9
Suppose 122*m - 980843 = 705070 + 690891. What is the units digit of m?
2
Suppose 0 = x - 1, j = 3*j - 4*x - 10. What is the units digit of -1413*(13 - j)/(-6)?
3
Suppose -17*y + 12*y = 0. Suppose -5*f - 748 = -4*c, y = -c + 3*c - 4*f - 374. Suppose -2*i + c = 3*r, 0 = i - 7*r + 11*r - 96. What is the tens digit of i?
9
Let m(u) = 2*u**2 - 31*u + 3. Let j(x) = -x. Let s(i) = 4*j(i) - m(i). Let y be s(13). Suppose y = -k + 62. What is the units digit of k?
2
Let c(g) = 15*g**2 - 210*g - 295. Let o(l) = -l**2 + 15*l + 21. Let h(z) = 6*c(z) + 85*o(z). What is the tens digit of h(-10)?
6
Let j = -86 + 132. Suppose 408 = 42*v - j*v. Let d = v + 153. What is the tens digit of d?
5
Suppose -2990 = -4*p + 8126. Suppose -38*i = -31*i - p. What is the units digit of i?
7
Let m(y) = 719*y - 4. Let h be (-1323)/(-126) - (6/(-4) - -1). Let d be m(h). What is the tens digit of (2/5)/(-4 + d/1975)?
5
Let q(w) = 10*w + 109. Suppose 22*j + 99 = 33*j. What is the units digit of q(j)?
9
Suppose -20620 = -5*w - 5*x, -476*w + 475*w - 5*x + 4140 = 0. What is the units digit of w?
0
Let j(q) be the third derivative of -q**6/120 + q**5/60 + q**4/24 + q**3/2 - 20*q**2. Let u be j(0). Let v = 34 - u. What is the units digit of v?
1
Let d(i) be the second derivative of i**4/6 + 13*i**3/3 + 3*i**2 + 6*i + 24. What is the tens digit of d(8)?
4
What is the tens digit of 1668856/(-70)*70/(-28)?
0
Let w = 524 - -1. Let k = w + 79. What is the tens digit of k?
0
Let a(x) = -x**3 - x**2 - 2*x + 2. Let o be a(2). Let b be 3954/(-21) - 4/o. Let m = b + 301. What is the tens digit of m?
1
Let c = 1621 - -7593. What is the thousands digit of c?
9
Let z be ((-8504)/15)/8 - 6/45. Let b = 72 - z. What is the units digit of b?
3
What is the tens digit of -4 + 8 - -13823 - (-2 - -5)?
2
Let b = -42170 - -81363. What is the ten thousands digit of b?
3
Let n(o) = -3*o**3 + 7*o**2 + 4*o + 5